lse
Is 15 a factor of 42183120?
True
Is 16 a factor of 32144251?
False
Is 266 a factor of 4513800018?
True
Is 115755500 a multiple of 25?
True
Is 773469000 a multiple of 1458?
True
Does 163 divide 302967819?
False
Does 1966 divide 37806565?
False
Is 269704643 a multiple of 731?
True
Is 77 a factor of 7337914081?
False
Is 771030 a multiple of 14?
False
Is 221755584 a multiple of 14?
False
Does 2465 divide 266971825?
True
Is 88608195 a multiple of 377?
True
Is 10016 a factor of 2121589120?
True
Is 337 a factor of 9531145?
False
Is 94893925 a multiple of 25?
True
Is 885 a factor of 178372635?
True
Does 2165 divide 37367539?
False
Does 3 divide 863621868?
True
Is 412988808 a multiple of 3716?
True
Is 35749260 a multiple of 114?
True
Is 5854942 a multiple of 25?
False
Is 85806511 a multiple of 5?
False
Is 20992544 a multiple of 16?
True
Does 360 divide 75664800?
True
Does 43 divide 40357798?
False
Is 22572080 a multiple of 575?
False
Is 797 a factor of 1097660877?
False
Is 8 a factor of 233142628?
False
Does 18 divide 35372808?
True
Is 4474 a factor of 683305090?
False
Is 10392657 even?
False
Does 34 divide 1922886966?
True
Does 695 divide 3026165?
False
Is 25 a factor of 77359475?
True
Does 2382 divide 41858886?
True
Is 2457071 a multiple of 61?
False
Is 436 a factor of 68237488?
True
Does 1163 divide 56870700?
True
Is 976806011 a multiple of 1992?
False
Does 633 divide 58945593?
True
Is 46895621 a multiple of 208?
False
Is 25 a factor of 2138662?
False
Is 27 a factor of 1130821931?
False
Is 52319167 a multiple of 14?
False
Is 13 a factor of 1951672307?
True
Is 21978197 a multiple of 2460?
False
Does 130 divide 5049231649?
False
Does 672 divide 1182683040?
True
Is 277992312 a multiple of 3122?
False
Is 16008375 a multiple of 75?
True
Is 62 a factor of 122619260?
True
Does 139 divide 133433739?
False
Is 54 a factor of 264617928?
True
Is 23 a factor of 582094446?
False
Is 4815734808 a multiple of 612?
False
Is 1181 a factor of 209228676?
False
Is 9 a factor of 7616002?
False
Does 87 divide 15626853?
True
Does 40 divide 178491356?
False
Is 3117 a factor of 780776046?
False
Is 23612288 a multiple of 64?
True
Is 554 a factor of 1715668750?
True
Is 347 a factor of 625085106?
True
Is 590267991 a multiple of 19?
False
Is 417 a factor of 103759608?
True
Is 748 a factor of 2827870619?
False
Is 971120304 a multiple of 44?
True
Is 32 a factor of 2292985525?
False
Is 542 a factor of 114023792?
True
Does 661 divide 39427160?
False
Is 19200940 a multiple of 15?
False
Is 693175015 a multiple of 7725?
False
Is 29 a factor of 73209139?
False
Does 311 divide 1535660?
False
Is 356 a factor of 32760987?
False
Does 1982 divide 46749674?
False
Is 290763132 a multiple of 12?
True
Is 41739302 a multiple of 5?
False
Is 97268800 a multiple of 612?
False
Is 72107434 a multiple of 7?
True
Does 6 divide 94518096?
True
Does 218 divide 302023958?
True
Is 1387725 a multiple of 7?
False
Is 475052654 a multiple of 14?
False
Is 229 a factor of 668202382?
False
Is 528 a factor of 604942140?
False
Does 693 divide 7620228?
True
Does 23 divide 1657852617?
False
Is 26 a factor of 492982828?
True
Is 577731150 a multiple of 150?
True
Is 37 a factor of 303250705?
True
Is 743299520 a multiple of 80?
True
Does 13 divide 273727010?
False
Does 239 divide 364662596?
False
Is 12962716 a multiple of 3?
False
Is 98082180 a multiple of 22?
False
Is 43866709 a multiple of 18?
False
Is 840 a factor of 18461346?
False
Is 3027051650 a multiple of 28?
False
Is 396527063 a multiple of 579?
False
Is 9 a factor of 154185723?
True
Is 8770430 a multiple of 734?
False
Is 45 a factor of 2707882?
False
Does 65 divide 2639716625?
True
Is 2 a factor of 84732603?
False
Does 19 divide 7223401?
True
Does 1009 divide 15627502?
False
Is 32 a factor of 4503776?
True
Is 15720926 a multiple of 13?
True
Is 31 a factor of 67761562?
False
Does 32 divide 57008416?
True
Does 39 divide 37160539?
False
Does 195 divide 1368292380?
True
Is 3 a factor of 34817243?
False
Is 1381871241 a multiple of 26?
False
Is 266021228 a multiple of 7920?
False
Is 20164880 a multiple of 31?
True
Does 125 divide 43348600?
False
Is 1745592339 a multiple of 9?
False
Does 9 divide 1371107836?
False
Is 17623562 a multiple of 62?
True
Is 1095 a factor of 65775606?
False
Does 95 divide 143305125?
True
Is 96227084 a multiple of 37?
True
Is 2082 a factor of 161419542?
True
Does 20 divide 315531720?
True
Does 58 divide 865559007?
False
Does 766 divide 583974654?
True
Does 21 divide 27011734?
False
Is 738668516 a multiple of 2801?
True
Is 207 a factor of 3918717?
True
Is 343 a factor of 646620272?
False
Is 1505 a factor of 3287797?
False
Does 1962 divide 78156270?
True
Is 82324045 a multiple of 5?
True
Does 1064 divide 4036333229?
False
Does 34 divide 1313501480?
False
Is 15 a factor of 294661381?
False
Does 225 divide 362678075?
False
Is 84375333 a multiple of 4424?
False
Does 16 divide 245384032?
True
Is 23 a factor of 103146036?
False
Does 277 divide 14875376?
False
Is 42338331 a multiple of 16?
False
Is 123 a factor of 4262447904?
True
Does 3536 divide 209670656?
True
Does 575 divide 397534875?
True
Is 5096 a factor of 882350360?
False
Is 27 a factor of 20156300?
False
Is 71 a factor of 75152577?
True
Does 1219 divide 1247088879?
False
Does 169 divide 76050?
True
Does 2 divide 246054503?
False
Is 10 a factor of 77266780?
True
Is 116130424 a multiple of 3?
False
Does 7 divide 31339504?
True
Does 1357 divide 1367493681?
True
Is 2208 a factor of 290347712?
False
Does 445 divide 134448295?
True
Is 34 a factor of 93726972?
False
Is 3586777 a multiple of 14?
False
Is 87 a factor of 4815871080?
True
Does 1991 divide 1610896460?
False
Is 170 a factor of 267666579?
False
Does 9 divide 3572894790?
True
Is 98352038 even?
True
Is 773 a factor of 64740906?
False
Does 13 divide 68104193?
False
Is 313 a factor of 2891494?
True
Is 50 a factor of 530980299?
False
Is 15 a factor of 35946790?
False
Is 247 a factor of 191410674?
True
Does 725 divide 1600756500?
True
Is 5670950411 a multiple of 6367?
False
Is 21 a factor of 179020466?
False
Is 22 a factor of 276039402?
False
Is 75596801 a multiple of 133?
True
Is 498061387 a multiple of 25?
False
Is 12962259 a multiple of 7?
False
Does 15 divide 193891168?
False
Is 2 a factor of 59298081?
False
Does 31 divide 50512726?
False
Is 17 a factor of 150658468?
False
Is 45 a factor of 11730690?
True
Does 13 divide 663739398?
False
Does 1108 divide 1429325540?
True
Does 37 divide 269096819?
True
Is 2004237972 a multiple of 198?
True
Is 1323 a factor of 11818359?
True
Is 3421 a factor of 423803743?
True
Is 30703165 a multiple of 106?
False
Is 1922 a factor of 13759598?
True
Does 23 divide 22024294?
True
Does 33 divide 7692069?
True
Does 4462 divide 1353413840?
True
Is 567 a factor of 548127405?
True
Does 99 divide 60518898?
True
Is 177 a factor of 695408751?
True
Is 91 a factor of 1400654204?
False
Is 393 a factor of 574911394?
False
Is 955847554 a multiple of 59?
True
Does 10 divide 555622170?
True
Is 22949570 a multiple of 35?
True
Does 12 divide 226753005?
False
Is 86 a factor of 22713718?
True
Does 889 divide 769874889?
True
Is 607 a factor of 596600876?
True
Is 6 a factor of 1158594?
True
Is 1052 a factor of 1036480896?
True
Is 185 a factor of 41925255?
True
Is 485591761 a multiple of 886?
False
Does 1319 divide 523293482?
False
Does 19 divide 22835701?
True
Is 3618568 a multiple of 9?
False
Is 756 a factor of 8899772?
False
Does 30 divide 28821900?
True
Is 91042291 a multiple of 130?
False
Does 3003 divide 290858680?
False
Does 788 divide 52774277?
False
Is 82076119 a multiple of 62?
False
Does 40 divide 127598080?
True
Does 931 divide 115407648?
False
Is 9 a factor of 359136?
True
Is 7641281 a multiple of 15?
False
Is 18 a factor of 113938542?
True
Does 8 divide 29860712?
True
Does 248 divide 160704381?
False
Is 64060207 a multiple of 23?
False
Does 1282 divide 678205719?
False
Is 99 a factor of 1090812690?
True
Does 38 divide 1488333042?
True
Does 168 divide 12200160?
True
Does 1233 divide 19339886?
False
Is 2367085925 a multiple of 1162?
False
Is 41 a factor of 10967336?
True
Does 120 divide 5253000?
True
Does 736 divide 2801952?
True
Is 83055176 a multiple of 1605?
False
Is 10923 a factor of 990421179?
True
Is 140 a fac